-4bbb - -5?
-4bb6
In base 8, what is 257 - -2?
261
In base 2, what is 10 + -1100010?
-1100000
In base 5, what is 12 - -21?
33
In base 11, what is -3 + 9?
6
In base 15, what is -b + -83?
-8e
In base 13, what is 1637 - 0?
1637
In base 15, what is -2b + 1a4?
178
In base 13, what is 22b + 8?
236
In base 13, what is -7 + 184?
17a
In base 6, what is -3 - -4343?
4340
In base 11, what is -17 + 1a3?
187
In base 12, what is -b9 + -4?
-101
In base 14, what is -1d - 2?
-21
In base 4, what is -11120321 - -3?
-11120312
In base 8, what is 0 + -11461?
-11461
In base 15, what is 9 - -36?
40
In base 10, what is -4 + 243?
239
In base 12, what is 477 - 5?
472
In base 16, what is -19 - 6?
-1f
In base 8, what is 2 - -5771?
5773
In base 12, what is 160 + -3?
159
In base 13, what is -1 + 1440?
143c
In base 8, what is 3 + -7145?
-7142
In base 10, what is 17 - 23?
-6
In base 4, what is 103 + -1113?
-1010
In base 11, what is 1 - a37?
-a36
In base 12, what is -3 - 31?
-34
In base 9, what is 206 + 3?
210
In base 16, what is -23 + -2?
-25
In base 4, what is -2 + 1212?
1210
In base 16, what is 3e - 17?
27
In base 14, what is -2b36 - -4?
-2b32
In base 8, what is 6 - -16?
24
In base 11, what is 3 - 20?
-18
In base 12, what is 71b + -4?
717
In base 11, what is 2417 + 4?
2420
In base 11, what is 3a + -1?
39
In base 4, what is 1011 - 231?
120
In base 7, what is -135055 + -3?
-135061
In base 16, what is 9293 - -1?
9294
In base 12, what is 55 - 4?
51
In base 6, what is 23 + -423?
-400
In base 2, what is 1 + 100101?
100110
In base 3, what is 10 + -101?
-21
In base 5, what is 2 - -144?
201
In base 2, what is 1 - 100110010?
-100110001
In base 9, what is 318 - -4?
323
In base 12, what is -10 - -28?
18
In base 13, what is 3 + 143?
146
In base 12, what is -65 - 97?
-140
In base 14, what is -10 - b?
-1b
In base 13, what is -287 + -2?
-289
In base 5, what is 104 + -33?
21
In base 10, what is 1 + 735?
736
In base 10, what is -1368 + -2?
-1370
In base 16, what is 1d + -65?
-48
In base 9, what is -581 - -7?
-573
In base 15, what is 3d + -44?
-6
In base 4, what is 1031201 + -1?
1031200
In base 8, what is 5 - -1647?
1654
In base 13, what is 98 - 17?
81
In base 4, what is -313301 + 2?
-313233
In base 15, what is 25 + -18?
c
In base 4, what is -20110 - -10?
-20100
In base 4, what is -10213 - 10?
-10223
In base 4, what is -123032 + -3?
-123101
In base 5, what is -312 - -1?
-311
In base 7, what is -2 + 2632?
2630
In base 2, what is 0 + 10100001?
10100001
In base 10, what is 632 - -8?
640
In base 8, what is -2 + 63?
61
In base 4, what is -103122 + 2?
-103120
In base 14, what is -2 - 61?
-63
In base 11, what is -3 - -792?
78a
In base 6, what is 5 + -255?
-250
In base 9, what is 3 + -15?
-12
In base 6, what is -243 + 201?
-42
In base 13, what is -b - -818?
80a
In base 11, what is -69 + 7?
-62
In base 10, what is 231 - 3?
228
In base 13, what is 1a61 - -2?
1a63
In base 14, what is -38 - -4?
-34
In base 5, what is -10 - -122?
112
In base 10, what is 76 - 30?
46
In base 10, what is -221 - 100?
-321
In base 15, what is 0 - -17d4?
17d4
In base 3, what is -1212100 + -101?
-1212201
In base 15, what is -121 + 8?
-118
In base 13, what is -1b + -1?
-1c
In base 11, what is 7 + -13?
-7
In base 5, what is 342 + -1?
341
In base 5, what is -24 + -3?
-32
In base 12, what is 22 - -3?
25
In base 7, what is -60 + 1?
-56
In base 5, what is 201130 + 3?
201133
In base 16, what is -5 + 15?
10
In base 6, what is 2 + 10250?
10252
In base 5, what is -144 + 3?
-141
In base 7, what is -1302 + -15?
-1320
In base 3, what is -11211 - -221?
-10220
In base 7, what is -2 - 20?
-22
In base 8, what is 204 + 3?
207
In base 11, what is -1 - 5?
-6
In base 11, what is -605 + 2?
-603
In base 10, what is -3 + 823?
820
In base 16, what is 2 - 6?
-4
In base 11, what is 120a2 - -3?
120a5
In base 5, what is -10 + 432?
422
In base 4, what is -3 - -2120?
2111
In base 8, what is 42 + 6?
50
In base 10, what is -1639 + -5?
-1644
In base 11, what is 1 - -3?
4
In base 9, what is 0 - -210?
210
In base 5, what is -32013 - -2?
-32011
In base 2, what is -10100101 - -1?
-10100100
In base 14, what is -5 + 54?
4d
In base 8, what is 1111 - -4?
1115
In base 5, what is -232 - 4?
-241
In base 4, what is -1331 + 22?
-1303
In base 13, what is 19 + 11?
2a
In base 9, what is 5 + -614?
-608
In base 3, what is 1121012 + 2?
1121021
In base 15, what is -6 - 751?
-757
In base 3, what is 12 + -2120111?
-2120022
In base 3, what is -1 - 11010120?
-11010121
In base 6, what is 2540 - 4?
2532
In base 12, what is -1833 + 5?
-182a
In base 11, what is -7640 - 4?
-7644
In base 6, what is 15100 - 3?
15053
In base 2, what is 0 - 1100101111010?
-1100101111010
In base 7, what is 5 + -15546?
-15541
In base 4, what is 1001233 + -10?
1001223
In base 6, what is 42 + 10?
52
In base 5, what is -40241 + 1?
-40240
In base 14, what is -2 - -296?
294
In base 15, what is 6 - 18?
-12
In base 15, what is 2 + 12a?
12c
In base 16, what is -8 - 13d?
-145
In base 12, what is -2 + -62?
-64
In base 12, what is 4 - -8?
10
In base 9, what is -5 - -74?
68
In base 13, what is -c - -1?
-b
In base 14, what is 28 + -14b?
-123
In base 14, what is -89 - 45?
-d0
In base 11, what is -169 + 8?
-161
In base 16, what is -411 - -5?
-40c
In base 2, what is -110011000 + 10?
-110010110
In base 7, what is 1 + -3434?
-3433
In base 3, what is 121 - 201200?
-201002
In base 15, what is -157d - -3?
-157a
In base 9, what is 360 + 54?
424
In base 2, what is -101 - -100110001?
100101100
In base 12, what is -a - a?
-18
In base 7, what is -4 - -14463?
14456
In base 9, what is 10 - 48?
-38
In base 15, what is 4 - -1781?
1785
In base 3, what is -12 - -1221221?
1221202
In base 16, what is -34 - 3?
-37
In base 9, what is 42 - -708?
751
In base 6, what is 2 - 430?
-424
In base 15, what is -12 - -111?
ee
In base 8, what is 42 + 102?
144
In base 9, what is 735 + -13?
722
In base 5, what is 2 - 434?
-432
In base 14, what is -41 - -16?
-29
In base 6, what is -3 + -321?
-324
In base 9, what is -6 + 607?
601
In base 8, what is -600 - -57?
-521
In base 5, what is 3 + -4243?
-4240
In base 2, what is 11101 - 100000111?
-11101010
In base 14, what is 31 - 3?
2c
In base 3, what is 1000120 + -12?
1000101
In base 6, what is 20 + -111?
-51
In base 16, what is 7 + -12?
-b
In base 10, what is -7 + 13?
6
In base 13, what is 5 - a0?
-98
In base 10, what is -6435 + -2?
-6437
In base 10, what is -3 + -632?
-635
In base 10, what is -1522 + -9?
-1531
In base 10, what is -2 - 472?
-474
In base 15, what is -2 + -be?
-c1
In base 4, what is 3 + -1001?
-332
In base 5, what is -111 + -204?
-320
In base 3, what is 22110 + -12?
22021
In base 4, what is 11 + 32112?
32123
In base 9, what is 0 + -2218?
-2218
In base 3, what is -12 + 20210?
20121
In base 11, what is 133 - -4?
137
In base 2, what is -10110101 - 1011?
-11000000
In base 10, what is -49 - -363?
314
In base 13, what is 19 - -3b?
57
In base 5, what is 31022 + -10?
31012
In base 3, what is 1220 - 12?
1201
In base 15, what is 8a4 + 4?
8a8
In base 15, what is -2cbc + 2?
-2cba
In base 16, what is -3f + 0?
-3f
In base 2, what is -10100111011 + 11?
-10100111000
In base 14, what is a2 - -4?
a6
In base 16, what is -5c - -2?
-5a
In base 4, what is 1 + -12212?
-12211
In base 7, what is -1151 - 1?
-1152
In base 13, what is -4 - -351?
34a
In base 13, what is -2 - -898?
896
In base 7, what is 5 + 14?
22
In base 5, what is -1301 - 0?
-1301
In base 11, what is -147 + -37?
-183
In base 7, what is -1503 + 11?
-1462
In base 10, what is 3 - 1191?
-1188
In base 9, what is 0 + -38?
-38
In base 5, what is -334 - -4?
-330
In base 10, what is 1332 - 5?
1327
In base 4, what is 130 - -302?
1032
In base 16, what is -2 + -2d?
-2f
In base 5, what is 0 + 21003?
21003
In base 8, what is -17 + 52?
33
In base 15, what is -3 - 114?
-117
In base 10, what is -2 + -36?
-38
In base 12, what is 3 + 102b?
1032
In base 8, what is 5 - -146?
153
In base 5, what is 1 - 1430?
-1424
In base 9, what is 5502 - -4?
5506
In base 4, what is -11 - 1323201?
-1323212
In base 3, what is -111 + -2?
-120
In base 15, what is 59 - -4?
5d
In base 11, what is 7 - 67?
-60
In base 14, what is 4 - 491?
-48b
In base 13, what is 1 - 113?
-112
In base 7, what is 3441 + 2?
3443
In base 9, what is 6 + -1?
5
In base 6, what is -12 - -2404?
2352
In base 4, what is -2022 + 12?